 + -12. What is the greatest common divisor of s and 12?
12
Suppose 0 = 9*u - 822 + 669. Calculate the highest common divisor of 1411 and u.
17
Suppose 0 = -0*h - 2*h + 34. Let t(p) = -p**2 - 14*p + 1. Let s be t(0). What is the greatest common divisor of h and s?
1
Let y(r) = 3*r**2 + 2*r - 1. Let p be y(1). Let i(g) = 0*g + 4*g + 17 - g. Let l be i(5). What is the greatest common factor of l and p?
4
Let s(m) = 41*m + 16. Let f(d) = -83*d - 32. Let u(w) = 6*f(w) + 11*s(w). Let k be u(-3). Calculate the greatest common divisor of k and 5.
5
Suppose 4*c + 190 = 3*i, -4*i - 9*c + 266 = -8*c. Calculate the greatest common factor of 1782 and i.
66
Suppose 2*s - 18*c + 17*c = 21, -3*c = -5*s + 53. What is the highest common factor of s and 76?
2
Let z(m) = m**3 + 14*m**2 - 9*m - 10. Let g be z(-14). Suppose -3*s = 4*d - g, -4*d - 201 = -5*s - 3*d. What is the greatest common divisor of s and 10?
10
Let g = 314 + -274. What is the highest common divisor of g and 8?
8
Suppose 23 - 7 = 8*g. Let h be 92/12 - g/3. Suppose -3*j - 3*p - 16 = -h*j, -2*p - 8 = 0. Calculate the highest common factor of j and 4.
1
Let t be 35/30*-14*-6. Suppose -4*r = -338 + t. Suppose -2*u + 34 = -4*a, 8*u + 2*a - 73 = 3*u. Calculate the highest common divisor of r and u.
15
Let u(q) = q**3 - 7*q**2 - 36*q + 14. Let z be u(11). What is the greatest common factor of 136 and z?
34
Let o be (-21)/(-28) - (3 - 2919/28). What is the greatest common divisor of 1258 and o?
34
Let k = 12 + -9. Calculate the greatest common divisor of k and 69.
3
Suppose -h - 37 + 154 = 0. Calculate the greatest common factor of h and 9.
9
Suppose 3*r = -4*w - 54, 2*r - 4*w - w = -13. Let v be (147/r)/((-3)/12*3). What is the greatest common divisor of 126 and v?
14
Let h(v) = v**2 + 5*v + 6. Let c be h(-4). Suppose 11*w + 15 = 37. What is the highest common factor of c and w?
2
Let t = -991 - -1019. What is the highest common factor of 868 and t?
28
Suppose 172*m - 158*m - 196 = 0. What is the highest common divisor of 224 and m?
14
Let d = -918 + 925. Let x(a) = -5*a - 3. Let h be x(-2). Calculate the highest common factor of h and d.
7
Let n = -67 + 107. Suppose 3*o - 4 = -n. Let i = 43 + o. What is the highest common divisor of i and 62?
31
Suppose 7*o = 4*t + 2*o - 163, 2*o = -2*t + 68. Suppose 2 = -7*p + t. What is the greatest common divisor of p and 40?
5
Let r be ((-99)/22)/(15/(-2250)). What is the highest common divisor of r and 50?
25
Let o(i) = i**3 - 5*i**2 - 2*i + 8. Let t be o(7). What is the highest common divisor of 138 and t?
46
Suppose 0*n + 46 = n. Let m(t) = t**2 - 7*t - 9. Let l be m(-6). What is the greatest common divisor of n and l?
23
Suppose -3*n + 16 = i, 8 + 0 = 4*i - 2*n. Suppose -i*u + 4*s = s - 108, -5*u + 134 = -4*s. What is the highest common factor of u and 300?
30
Let d(l) = l**2 - 4*l - 17. Let c be d(7). Suppose -2*u - 4*p + 272 = -160, p = -c. Suppose 5*h - 36 = 104. Calculate the greatest common divisor of h and u.
28
Let z(n) = 13*n**2 + 2*n - 32. Let v be z(-8). Calculate the greatest common divisor of v and 16.
16
Suppose 6*s = 56 - 8. Calculate the greatest common factor of 8 and s.
8
Suppose 0 = 3*h - 189 - 246. Let i be 1*(165 + -1) - 3. Suppose 5*n + 4*c - i = -0*c, c = 4. What is the highest common factor of n and h?
29
Let x(q) = -3 - 12 - 10*q**2 + q**3 + 4*q**2. Let l be x(9). Calculate the highest common factor of l and 38.
38
Suppose -2*t + 67 = 5*v, -3*t + 33 = 4*v - v. Let d(o) = -2*o + 1. Let r be d(-2). What is the highest common factor of v and r?
5
Let j be (2 - 22/(-4))/(117/780). Calculate the highest common factor of j and 80.
10
Suppose 2*g = -s + 273, -g + 3*s = 63 - 196. Calculate the highest common divisor of 32 and g.
8
Suppose 16 = -5*v + 406. Let y be (3 - 3) + -3 + v. What is the highest common divisor of y and 30?
15
Suppose 359*h + 1425 = 364*h. Calculate the highest common factor of h and 15.
15
Let w be 2*((-315)/(-10))/9. Suppose -x + w = q, -q = -4*q. What is the highest common factor of 56 and x?
7
Let q(c) = -c**2 + 70. Let m be q(6). Calculate the highest common divisor of m and 442.
34
Let w(f) = -f**2 - 13*f + 2. Let j be w(-13). Let i be ((-22)/j)/((-2)/14). Calculate the highest common divisor of 7 and i.
7
Suppose 44*u = 46*u - 544. What is the greatest common divisor of u and 16?
16
Let r(k) = k**3 - k**2 - k + 3. Let x be r(3). Let m = -12 + 20. Suppose m*y - 135 = 3*y. Calculate the highest common factor of y and x.
9
Suppose -9*j - 16464 = -37*j. What is the highest common divisor of 24 and j?
12
Suppose -4*h = -37 + 1. Calculate the highest common factor of h and 387.
9
Let y(p) = 7*p**2 - p - 4. Let m be y(4). Suppose 158 = 21*h - 115. Calculate the greatest common divisor of h and m.
13
Let i(c) = c**2 - 15*c - 12. Let v be i(16). Suppose -l = -3*o + 1 + 56, 2*l + v*o + 84 = 0. Let s = -16 - l. Calculate the greatest common factor of s and 8.
8
Suppose -x + 4 = 2, -242 = -2*g - x. Let s(b) = b**2 - 21*b + 35. Let n be s(20). Calculate the greatest common factor of g and n.
15
Suppose 4*d - 15 = 5*k - 70, -5 = -d. Let a be 8/(1 - -3) + 58. What is the highest common factor of a and k?
15
Let g be (2/(-4))/((-5)/40). Suppose g*h + 2 = 2*h. Let a be (-1 + 2)*h - -78. What is the greatest common divisor of 11 and a?
11
Suppose 3*d = -4*k + 256, 3*d + 9*k - 251 = 4*k. What is the greatest common factor of 207 and d?
23
Let u = -760 + 771. Calculate the greatest common divisor of 792 and u.
11
Suppose -5*a = -n - 16, 16 = 3*n - 5*a + 6*a. Calculate the highest common factor of n and 54.
2
Let z(w) = 14*w - 32. Let p be z(5). Suppose b - 1 = -3, -5*d + 4*b + p = 0. Calculate the highest common divisor of 18 and d.
6
Let s be (-2 - -4) + 1*3. Suppose 0 = q + 4*v - 26, 4*v = -s*q + v + 96. Let j be q/(-81) + (-1714)/(-18). What is the highest common factor of 19 and j?
19
Let w = 891 - 851. What is the highest common factor of 690 and w?
10
Let j = 24 - 22. Suppose -j*v + 34 + 26 = 0. Calculate the greatest common factor of v and 45.
15
Suppose 3*j + f = 754, 3*j + 3*f + 270 = 1020. What is the highest common divisor of 56 and j?
28
Let a(g) = -g**2 + 14*g - 29. Let w be a(11). Suppose 9*t + 75 = i + w*t, -271 = -5*i - t. Calculate the greatest common factor of i and 11.
11
Suppose r - 3*b + 11 = 3*r, 5*r + b - 21 = 0. Suppose -r*s = -61 + 17. Let d be s*-5*8/(-20). What is the highest common factor of 22 and d?
22
Let q be ((-8)/28)/(6/(-147)). What is the greatest common divisor of q and 14?
7
Suppose -175*f = -162*f - 182. Calculate the highest common factor of f and 20.
2
Suppose 456*c - 468*c + 1620 = 0. Let b = 30 + -15. What is the greatest common factor of c and b?
15
Let l(f) = -f**2 - 15*f - 4 + 14 + 15. Let t be l(-16). Calculate the greatest common factor of 72 and t.
9
Suppose -10*o + 56 = -2*o. Let j = 2 - -47. Calculate the greatest common divisor of o and j.
7
Let b(z) = -10*z**3 + 2*z**2 + 24*z + 34. Let c be b(-4). What is the highest common factor of 366 and c?
122
Suppose 5*n - 38 = 147. Let j(a) = 8*a**2 + 9*a - 7. Let f be j(-5). Calculate the greatest common divisor of n and f.
37
Suppose 0*a + a - 5*t + 18 = 0, 2*a + 3*t - 16 = 0. Suppose -n = -2*l - 2*l + 1227, -a*n = 3*l - 934. What is the highest common factor of 28 and l?
28
Let x(q) = -30*q**3 + q**2 + 2. Let a be x(-2). Let n be (-3)/5 - a/(-10). Suppose -288 = -9*v + v. What is the highest common factor of n and v?
12
Let q = -79 - -164. What is the highest common divisor of 5 and q?
5
Let i be (-1)/(3/(504/(-3))). Let o be 28 - 2 - (0/(-1) - 2). What is the greatest common divisor of i and o?
28
Let f be 55 - ((-4)/1 + 3 + -2). Calculate the highest common divisor of f and 29.
29
Let g = 13 - 23. Let q = g - -18. Suppose 5*h = 2*c + 322, 4*h + 4*c + 15 - 267 = 0. What is the greatest common divisor of q and h?
8
Let s be (-1650)/(-44)*12/9. Suppose -2*g + 65 = 3*h, 13 = -2*g + 3. Calculate the highest common divisor of s and h.
25
Suppose 0 = -29*b + 7738 + 6617. What is the highest common divisor of b and 15?
15
Let s(f) = 5*f + 18. Let x be s(-13). Let h = -20 - x. Suppose -i - 7 = -h. What is the highest common factor of 60 and i?
20
Let f be (-2)/(-1) + (-232)/(-4). Let m be f + (2 - (-1)/1). What is the greatest common divisor